divided by f.
14
Let v be 2/7 - 5520/(-84). Suppose -c + 4*x + v = c, 4*x = -2*c + 82. Suppose -63 + 3 = -3*p. What is the remainder when c is divided by p?
17
Let a = 133 + 226. What is the remainder when a is divided by 40?
39
Suppose -6*j + 19*j = -27*j + 360. Suppose u = 14 + 38. Calculate the remainder when u is divided by j.
7
Let j(t) = 24*t - 1. Let q be j(-2). Let z = -100 - q. Let m = -30 - z. Calculate the remainder when m is divided by 6.
3
Suppose -15*w = -2043 + 1773. Suppose -4*r + 25 = -s, -3*r = -s + 2*s - 24. Let c = r - 0. What is the remainder when w is divided by c?
4
Let z(i) = i**3 - 46*i - 9. Calculate the remainder when 3467 is divided by z(7).
11
Let j be 6 - (0/(-2) - -3). Suppose j*h - 28 - 14 = 0. Let y = -1 + h. Calculate the remainder when y is divided by 4.
1
Let j(l) = l**2 - 21*l - 187. Calculate the remainder when j(29) is divided by 27.
18
Calculate the remainder when 669*((-7)/(-3) + -2) is divided by 25.
23
Let o(p) = 2*p**2 + 21*p + 243. What is the remainder when o(-12) is divided by 90?
9
Let f = 7 - -15. Let j = 28 - f. Suppose -3*z = 2*k - j*z - 40, -k = -2*z - 18. Calculate the remainder when k is divided by 14.
12
Let j = 8790 + -8778. Let m = 22 - 7. Calculate the remainder when m is divided by j.
3
Suppose f + 3*w - 31 = 0, f + f + 5*w - 57 = 0. Let t = -45 - -88. Calculate the remainder when t is divided by f.
11
Suppose 0 = 3*o - 2*a - 197, -33*o - 2*a + 128 = -31*o. What is the remainder when o is divided by 15?
5
Suppose 8*q - 12*q + 480 = -4*p, 2*q + 4*p - 234 = 0. What is the remainder when q is divided by 63?
56
Suppose 6827 = -25*j + 21602. What is the remainder when j is divided by 119?
115
Suppose -3*v + 610 = 2*v. Suppose -w + 9 - 19 = 0. Let f(o) = -o + 21. What is the remainder when v is divided by f(w)?
29
Suppose -3*d - 5*s + 94 = 0, d = 3*s - 14 + 50. Let j = 48 + -29. What is the remainder when d is divided by j?
14
Let f(q) = -q**3 + 5*q**2 - 3*q + 4. Let p = -87 - -91. Let m(b) = 2*b**2 + 8*b + 5. Calculate the remainder when m(-6) is divided by f(p).
5
Suppose 7*w = 11*w + 12, 5*d - 164 = 3*w. What is the remainder when 105 is divided by d?
12
Let v(i) = 23*i - 150. What is the remainder when 28 is divided by v(7)?
6
Let n(m) = 38*m - 352. What is the remainder when n(34) is divided by 41?
38
Let t(i) = -i**2 + 47. Suppose 0 = -f + 3*w + 25, 73 = 5*f - 26*w + 24*w. What is the remainder when t(0) is divided by f?
8
Suppose 0 = 52*w - 42*w - 2210. What is the remainder when w is divided by 37?
36
Suppose 3*b + b = 24. Let r(d) = d**3 + 13*d**2 - 2*d - 19. Let n(u) = u**3 + 2*u - 1. Let o be n(-2). Calculate the remainder when r(o) is divided by b.
1
Suppose -4*q - 4*z = -12, -3*q + 3*z - 2*z = -17. Let p(t) = 15*t + 8. Calculate the remainder when p(q) is divided by 28.
27
Let v = 69 - 34. Suppose -2*s + 8 = -0. Suppose b - 14 = z, -40 = -2*b - s*z + 3*z. What is the remainder when v is divided by b?
17
Suppose 0 = 4*v - n - 1691, n = 4*v + 5*n - 1716. What is the remainder when v is divided by 85?
84
Suppose 4*k + 0*k + 5*z = 19, 8 = 5*k + z. Let a = 7 + k. What is the remainder when 28 is divided by a?
4
Suppose 0*z - 5*z + 10 = 0. Suppose -5*s + 4 = k, -z*s = 3*s + 5. Calculate the remainder when 32 is divided by k.
5
Suppose -6*s = 2*l - 10*s - 200, -3*s = -4*l + 410. Let o = -35 + 50. Calculate the remainder when l is divided by o.
14
What is the remainder when 71 is divided by ((-27)/15)/((9/65)/(-3))?
32
What is the remainder when 82 is divided by 5/(5*8/272)?
14
Let j = -84 - -108. Suppose -j*l + 23*l + 6 = 0. What is the remainder when 34 is divided by l?
4
Suppose 0 = 6*q + 61*q - 2479. Let p(a) = 10*a**2 + a - 2. Let c be p(2). Suppose -2*d + 104 = -c. What is the remainder when d is divided by q?
35
Suppose 34*u + 492 = 46*u. What is the remainder when u is divided by 38?
3
Let h = 11 - -25. Calculate the remainder when h is divided by 29.
7
Calculate the remainder when (-24)/(-6)*(-546)/(-24) is divided by 34.
23
Suppose 4*c - 9*c = -5*n + 670, 10 = -5*c. What is the remainder when n is divided by 46?
40
Let k = -97 - -202. What is the remainder when k is divided by (-4 + -8)*2*(-6)/4?
33
Suppose -2*u + 72 = 4*i, -25*i + 24 = -24*i - u. Suppose 2*c - 110 = 88. What is the remainder when c is divided by i?
19
Suppose -1 - 35 = -3*b. Suppose 2*g - 28 + b = 0. Suppose -5*q = 3*u - 85, -95 = -5*q + q + 3*u. What is the remainder when q is divided by g?
4
Suppose -17*p + 329 = -368. What is the remainder when 368 is divided by p?
40
Let h = 6 - 0. Suppose 170 - 40 = 2*m - 4*l, -5*l = -3*m + 197. Let g = m + -47. What is the remainder when g is divided by h?
4
Let r = 48 + -20. Calculate the remainder when 22 is divided by 1*33/7 + 8/r.
2
Let l(v) = 12*v + 1. Let p be l(-1). Let q = p + -3. What is the remainder when (-6)/21 + (-802)/q is divided by 20?
17
Let m be 4 + (1727 + 1)/3. Suppose -62 = -3*t + m. Calculate the remainder when t is divided by 8.
6
Let q = 203 - 187. What is the remainder when 382 is divided by q?
14
Suppose -y + j = -79 - 140, 4*y - j - 876 = 0. What is the remainder when y is divided by 13?
11
Let b(k) = k**2 - 10*k - 7. Calculate the remainder when 231 is divided by b(12).
10
Let b(r) = -76 + 75 + 9*r - 4*r. Calculate the remainder when b(3) is divided by 2.
0
Let p(u) = -u**3 + 16*u**2 + 8*u - 39. What is the remainder when p(16) is divided by 14?
5
Let y(s) = -13*s + 2. Let f be y(-3). Let n = -19 + f. What is the remainder when 107 is divided by n?
19
Suppose 4*d = 9*d - 830. Suppose 4*a = 70 + d. Suppose -2*u = -10 - 20. What is the remainder when a is divided by u?
14
Suppose 5*y + 2 - 57 = -4*d, -33 = -3*y - 5*d. Suppose -5*t = -6*t + 21. Calculate the remainder when t is divided by y.
10
Suppose 0 = -2*m - 2*n + 6 + 2, 2*m = -5*n + 8. Suppose -50 = -i + 5*h, -m*i - 3*h + 76 = -55. Calculate the remainder when i is divided by 9.
8
Suppose 5*l + t - 41 = -0*t, -3*l + 15 = 3*t. Suppose -g = -4, 5*q - 4*g - 56 = 2*q. What is the remainder when q is divided by l?
6
Let b(z) = z + 19. Let d be 0*(-1)/3*-3. Suppose 24 = -3*u + 3*g, d = 5*u - 2*g + 16 + 36. Calculate the remainder when 12 is divided by b(u).
5
Suppose -5*t + 2 = -8. Let s be t/(-9) - 4/(-18). Suppose k = 4*w - 45, -w + 5 + s = k. Calculate the remainder when 59 is divided by w.
9
Suppose 3*i - c - 510 = 0, 2*c - 4*c = i - 177. Let f = -137 + i. What is the remainder when f is divided by 12?
10
Let r = 18 + -45. Let w = -17 - r. Suppose -4*h - h + 20 = 0. What is the remainder when w is divided by h?
2
Let r(t) = t**3 - 6*t**2 + 11*t - 44. Calculate the remainder when r(7) is divided by 346/8 + 6/(-24).
39
Suppose -7*r + 168 = -224. Suppose 5*h - r - 89 = 0. What is the remainder when h is divided by 16?
13
Suppose -14*h + 956 = -3104. Calculate the remainder when h is divided by 60.
50
Suppose -4*m + 42 = -18. What is the remainder when (-56 + 0 + -1)/(2/(-2)) is divided by m?
12
Suppose 45 = d - 29. Calculate the remainder when d is divided by 11.
8
Suppose -5*q + 0*y + 64 = 2*y, -4*q - 4*y + 56 = 0. Let b(z) = -63*z + 2. Calculate the remainder when b(-1) is divided by q.
5
Suppose -9*f - 77 = -20*f. Calculate the remainder when f is divided by 2.
1
Calculate the remainder when 147 is divided by (3 - 3) + 2 + (0 - -49).
45
Suppose -2*t = 3 - 21. What is the remainder when (46/6 + -2)*3 is divided by t?
8
Suppose -3*j = -4 - 5. Suppose j*g + m - 45 = -4*m, -2*g - 3*m + 30 = 0. Calculate the remainder when g is divided by 3*10/(-135)*-27.
3
Suppose -16*h + 18*h - 36 = 0. Suppose -h*a + 14*a + 48 = 0. What is the remainder when 57 is divided by a?
9
Suppose -5*z = -6*z - 3*u, 8*u = 2*z - 56. Suppose m + 2*d = 19 + 19, 2*d + 50 = m. Calculate the remainder when m is divided by z.
8
Let u(h) = 8*h**2 - 77*h - 1. What is the remainder when 202 is divided by u(10)?
28
Let h(w) = 2*w - 1. Suppose 5*b = 4 + 1. Let g be h(b). Suppose 14 = y - 2*q, g - 16 = -5*q. Calculate the remainder when 78 is divided by y.
18
Suppose 2*k + 410 + 13 = 5*g, 3*g - 253 = k. What is the remainder when g is divided by 29?
25
Let d(n) = -20*n + 51. Calculate the remainder when d(2) is divided by 10.
1
Let x(d) = -2*d**2 + 10*d - 3. Let h be x(4). Suppose -c - h = 4*c. Calculate the remainder when 68 is